6)/(-12)). Suppose -v*x + 5*x = 2*m - 271, 6 = 2*x. Suppose 0*a + 5*a - 2*j = 678, 2*j = a - m. What is the tens digit of a?
3
Let o(t) = -2*t**2 - 17*t - 24. Let j be o(-7). What is the units digit of j + 90/25 + (-3448)/(-20)?
3
Let y(b) = 27*b + 3. Let q be y(0). Suppose 17*i - 13*i = v - 652, -2007 = -q*v - 5*i. What is the units digit of v?
4
Let w(t) = -74*t**3 + 17*t**2 - 37*t - 11. Let i(x) = 25*x**3 - 6*x**2 + 13*x + 4. Let d(v) = 17*i(v) + 6*w(v). What is the hundreds digit of d(-3)?
5
Let l(p) = 2*p**3 - 14*p**2 + p - 1. Let t be l(7). Let n be -11 + 8 + -2 + 388. Suppose -n = -t*b + 85. What is the units digit of b?
8
Suppose 0 = 4*w + 12*w - 4000. Let m = w - 28. What is the tens digit of m?
2
Let l(n) = 6*n - 60. Let o be l(10). Suppose o = -37*m + 38*m - 369. What is the tens digit of m?
6
Suppose -60*q + 227195 = -206065. What is the units digit of q?
1
Let b(m) = 4*m - 54. Let g be b(14). Suppose 4*h - g*n + 284 = 1316, 0 = 3*h - n - 773. What is the tens digit of h?
5
Let u(w) = -8*w + 10. Let f be u(1). Suppose f*i = 1135 - 27. What is the units digit of i?
4
Let i(k) = 4*k - 16. Let q be (3/6)/(1/32). Let s be i(q). Suppose -2*m + 44 + s = 0. What is the units digit of m?
6
Suppose -u = -8*u + 329. Let c(r) = 162*r - 169*r + u - 14. What is the units digit of c(-25)?
8
Let k(u) = 3 + 0*u + 3 - 3*u. Let i be k(2). Suppose 0 = -i*p - 2*p + 144. What is the units digit of p?
2
Suppose -51*m + 90638 + 91441 = 30507. What is the units digit of m?
2
Let z(o) = 17*o**2 - 121*o + 3023. What is the units digit of z(42)?
9
Let n be -4*-6*6/24. Suppose 0 = 5*x + 5*p - 40, -n*p = -10*p. What is the units digit of x?
8
Suppose -30*g - 39*g + 4609686 = 33*g. What is the ten thousands digit of g?
4
Suppose -16*u - 3547 = -37035. Suppose -5*l - 1575 = -3*f, -5*l - 518 + u = 3*f. What is the units digit of f?
5
Let j be (-6 + 2)*(0 + (-3)/6). Let x be (j + 2 + 26)/((-6)/(-159)). Suppose -4*n = -x - 69. What is the hundreds digit of n?
2
Suppose 72 = 3*p - 4*t, 9*t = 5*t. What is the units digit of (2 - 44/p)*6*1305?
5
Let t be -3 + 6 + 3 + -2. Let z(p) be the third derivative of -p**6/120 + p**5/12 - p**4/6 + p**3/3 + 16*p**2. What is the units digit of z(t)?
2
Suppose -5*i = -16355 - 15670. Suppose 3*d = -4*d + i. What is the units digit of d?
5
Let k be (-2045)/(-15) - (-21)/(-9). Suppose -3*v = j - 222, -7*v + 4*j + k = -5*v. What is the tens digit of v?
7
Let f(v) = 12 - v**3 + 13*v - 10*v**2 - 27*v + 10*v + 6*v. What is the hundreds digit of f(-12)?
2
Let g(d) = -4*d**2 + 1. Let f be g(1). Let s(z) = -45*z - 279. Let p be s(-9). What is the tens digit of p - -11 - ((-2)/1 - f)?
3
Suppose -2*j + 5*l + 18976 = 0, -86*l = -2*j - 91*l + 19056. What is the units digit of j?
8
Let u(j) = 95*j**2 + 168*j + 806. What is the units digit of u(-5)?
1
Let f = -13 - -13. Let w be -12 + 0 + f + -1. Let d = -4 - w. What is the units digit of d?
9
Suppose -2*l - g = -0*l + 159, l + 4*g + 76 = 0. Let d = -80 - l. Suppose d*t = -4*v - t + 201, 0 = v + 3*t - 42. What is the units digit of v?
1
Suppose -16*x + 23 = -9. Let i = 6 + x. What is the units digit of (i/2)/(8/202)?
1
Let x(y) = 123*y + 39. Let d be x(-43). Let i = -3458 - d. What is the tens digit of i?
9
Let q(b) = -b**2 + 15. Let r be q(0). Let l(g) = -g**3 + 8*g**2 - 9*g - 3. Let j be l(2). Suppose r = 3*z, -j*z - 100 = -k - 39. What is the units digit of k?
6
Let s(w) = -4*w - 15. Let z = 22 + -34. Let c be s(z). Suppose -369 = -6*t - c. What is the units digit of t?
6
Let i = -2605 + 3657. What is the tens digit of i?
5
Suppose 0 = 3*r - 2137 - 16250. What is the units digit of r?
9
Let d = -11980 - -16984. What is the hundreds digit of d?
0
Suppose -5837*l - 889520 = -5877*l. What is the thousands digit of l?
2
Let t(g) = -28083*g**3 - 105*g - 103. What is the units digit of t(-1)?
5
Let g = 40 + -38. Suppose g*f + 10 = -2*o, o + 6 = -3*f - 5. What is the units digit of (2/o - -2) + 0?
1
Let m be 18/(-4)*(-80)/(-60). Let c be (3/m)/((-6)/12). What is the tens digit of ((6/4)/c)/(3/220)?
1
Let b = 2009 - -2759. Suppose b = 8*l - 3880. What is the tens digit of l?
8
What is the tens digit of -6 + ((-3)/8 - 11305/(-152))?
6
Let s = 554 - 246. Let y be 1038/22 + (-56)/s. Suppose 8*i = 1655 - y. What is the hundreds digit of i?
2
Let t(l) = -40*l + 1525. What is the hundreds digit of t(-35)?
9
Suppose 2*a = 14*f - 13*f - 8273, 3*f - 4*a - 24817 = 0. What is the tens digit of f?
7
Let m = 36 - -4. Let i = -68 - -106. Suppose -q = c - m, 0*c + 3*q - i = -c. What is the tens digit of c?
4
Let b(k) = 14*k + 2064. What is the units digit of b(6)?
8
Suppose 0 = 7*n + 5*n - 3552. Let t = n + 75. Suppose -84*q = -91*q + t. What is the tens digit of q?
5
Let u(b) = -6*b**2 + 290*b + 1166. Let w be u(-4). Let l = -36 + 94. Let h = l - w. What is the hundreds digit of h?
1
Suppose 5*n = 3*n - 4*t + 44, 5*n - 5*t = 50. Let l = n - -765. What is the tens digit of l?
7
Let k be (2*1)/(37 + -35). What is the tens digit of (-1*(-435 + 6))/k?
2
Let n = 212 + -166. Suppose 26*t - 25*t - n = 0. What is the tens digit of t?
4
Suppose 13*y - 704 = 5*y. Let t = y - 83. What is the units digit of t?
5
Let m(o) = o**2 - 3*o + 24. Let d = -15 - 0. Let v be (d + 0)*4/6. What is the units digit of m(v)?
4
Suppose 10 = -7*r + 45. Let o be (r - 6)/((-2)/8). Let i(g) = -g**3 + 7*g**2 - 3*g + 2. What is the tens digit of i(o)?
3
Let b be (-1)/(-1 + (-100)/(-52) + -1). Suppose -31*i = -b*i - 9990. What is the tens digit of i?
5
Suppose -36*k + 334543 + 508994 = -271815. What is the ten thousands digit of k?
3
Let n(r) = -258*r + 174. Let z be n(-16). Suppose -56*g = -50*g - z. What is the units digit of g?
7
Let b(u) = -u + 9. Let z be b(8). Let h(s) = 6*s - 5 + 8*s**2 - z - 2 + 3. What is the units digit of h(-5)?
5
Suppose 0 = 6*i - i - 65. Let h be (-495)/(-429) - (4/i)/2. What is the hundreds digit of 121/(4 - (h - 2 - -4))?
1
Let b = -521 - -530. Suppose -b*h - 6*h + 8340 = 0. What is the units digit of h?
6
Let a be (-1 + 4)*10/2. Let n be ((-57)/a)/((-7)/35). Suppose 2*m - n = -3*j, j + 17 = 4*j + m. What is the units digit of j?
5
Let w = 2167 + -37. What is the thousands digit of w?
2
Let g(j) = -62*j**3 - j - 8*j**2 + 61*j**3 - 25 + 20*j + 16*j. What is the tens digit of g(-12)?
3
Let y(x) = -6 + 12 - 4 - 18*x. Let k be y(-4). Let t = k - 23. What is the units digit of t?
1
Suppose -5*r - 70 = -3*q, -2*r - 4 = 6. Suppose q*u - 12*u - 681 = 0. Let h = u - 144. What is the tens digit of h?
8
Let w = 5639 + -3171. What is the units digit of w?
8
Let r(x) be the first derivative of -x**4/4 + x**3/3 - x**2 - x - 5. Suppose 22 = 3*n + 34. What is the units digit of r(n)?
7
Suppose 5*p = 4*g + 91097, -5*g + 18231 = -55*p + 56*p. What is the units digit of p?
1
Let q(f) = -f**3 - 2*f**2 + f + 3. Let c be q(-2). Suppose -2*m + 23 = -c. Let l = 25 - m. What is the tens digit of l?
1
Let r = 3 - -2. Let p be 212*(-9)/(-6)*8/12. Suppose p + 127 = 4*y - 3*f, r*f - 450 = -5*y. What is the units digit of y?
7
Let j(q) = -21*q - 92. Let d(z) = 7*z + 30. Let h(y) = -8*d(y) - 3*j(y). What is the hundreds digit of h(18)?
1
Let s = 84 + -36. Let z = s - 43. What is the units digit of ((-6)/z)/3*(7 - 232)?
0
Let o = 431 + -38. Let p = o - -210. What is the units digit of p?
3
Let k(x) = -7*x - 6. Suppose -5*w = 3*q - 47, -2*w + 43 = 2*w - 3*q. Suppose -w*j - 12 = -7*j. What is the tens digit of k(j)?
2
Suppose -173 + 128 = 5*n. Let a be 2218 + (n - (-20)/4). Suppose -8*y - a = -17*y. What is the tens digit of y?
4
Let h be 6 - (-12)/(-3) - (-1 + 1). Suppose -h*v = 2*d - d - 8, -4*d + 6 = -5*v. Suppose -d*y - 7*y = -1980. What is the units digit of y?
0
Suppose -3*b = -6*b + 6. Let f(d) = -d**3 + 2 + 2 - 3*d**2 - 3*d - 7*d**b - 9*d. What is the tens digit of f(-10)?
2
Let d = 58531 - 39894. What is the ten thousands digit of d?
1
Let j(z) = z**3 - 16*z**2 + 52*z - 58. Let t(k) = -k**3 - 10*k**2 - 22*k + 10. Let q be t(-7). What is the units digit of j(q)?
5
What is the tens digit of -1 + 7 + -2 + 11598 - -1?
0
Suppose -18396 + 538714 = 64*z - 516162. What is the hundreds digit of z?
1
Let f(c) = c**2 + c - 1. Let w(l) be the second derivative of l**4/4 + 2*l**3/3 + l**2/2 + 2*l. Let d(g) = 5*f(g) - w(g). What is the tens digit of d(